 = 0. Give k(o).
-4
Let t(h) = 3*h**2 - 3*h - 5. Let j(k) = -4*k**2 + 5*k + 7. Let o(u) = -5*j(u) - 7*t(u). Determine o(-4).
0
Suppose 10 = 5*n + 3*h, 15 = n + 4*n + 2*h. Let i(p) = -n*p + 7*p + 5*p. Determine i(1).
7
Let a(s) = 4*s**3 - s**2 + s - 1. Let o be a(1). Let h(k) = 3*k**2 - k**3 + 3*k - 1 + 4 + 3*k**3 - 3*k**o. Let c be ((-6)/(-10) + -1)*-10. Calculate h(c).
-1
Suppose -7*r + 20 = -2*r. Let l(j) = -r*j - 3 + 6*j - 8*j**2 - 4*j + 4. Calculate l(1).
-9
Suppose 6 = -4*w + m + 22, 5*w - 3 = -3*m. Suppose -5*x + 0 + 10 = 0. Let v(b) = -2*b - b**w - 6*b**2 - 3 + 2*b**x + 8*b. What is v(-5)?
-8
Let n = -10 - -14. Suppose y - 2 = -0*y. Let d(z) = -5*z**2 + z + 4*z - y + z**3 + z. Calculate d(n).
6
Suppose 4*h - 31 = -v, -3*h - 2*h - 3*v + 44 = 0. Let y = 3 - h. Let u(q) be the second derivative of -q**5/20 - 5*q**4/12 - q**3/2 + 2*q**2 - q. Give u(y).
0
Let p = -5 - -8. Let u(k) = 5*k**2 - 5*k + k**2 + p*k**2 - 4*k**2 - 1 + k**3. Give u(-6).
-7
Let v = -10 - -16. Let n(c) = -c**3 + 7*c**2 - 8*c + 8. Let h be n(v). Let y(o) = -o - 2*o - 5 - 2*o - o**2. Determine y(h).
-1
Suppose 6*y = 2*y. Suppose 5*v - 2*v = y. Let o(j) = -j - 1. Calculate o(v).
-1
Let s(u) = u**2 - 5*u - 5. Let z be s(7). Let c(p) = -8 + 5 + 3 + z - 2*p. Give c(7).
-5
Suppose -5*p + 3*v + 2 = 2*v, 5*v = 15. Let y(x) = x - 1. Determine y(p).
0
Let v(u) = 3*u**2 - 13*u + 8. Let j(k) = k**2 - 6*k + 4. Let m(p) = 5*j(p) - 2*v(p). Determine m(-5).
-1
Let c(r) be the third derivative of -1/60*r**5 - 3*r**2 + 0 + 1/3*r**3 + 0*r + 0*r**4. What is c(4)?
-14
Let c be (2/(-3))/((-4)/6). Let a be (c*-1)/((-3)/9). Let b(d) = -d**a - 2*d + 7*d - 2*d + 3*d**2 - 5. Determine b(4).
-9
Let f(q) be the second derivative of q**5/60 - q**4/24 - q**3/6 + 2*q. Let p(x) be the second derivative of f(x). What is p(-1)?
-3
Suppose -4*u + 15*u + 55 = 0. Let f(k) = k**2 + 2*k. Give f(u).
15
Suppose -11 + 11 = -6*u. Let l(z) be the third derivative of z**6/120 + 5*z**3/6 + 2*z**2. What is l(u)?
5
Let x be 12/2 + 1 + -1. Let l(k) = k**3 - 7*k**2 + 7*k + 4. Give l(x).
10
Let z(c) be the first derivative of -c**5/20 - c**4/4 + c**3/2 - 2*c**2 - 3*c + 5. Let g(w) be the first derivative of z(w). Determine g(-4).
0
Let u(v) = v. Let w(p) = -8*p + 6. Let o(t) = 6*u(t) + w(t). Calculate o(4).
-2
Let s(b) = -b. Let o be s(0). Suppose -2*q - 2*j - 11 - 9 = o, j - 15 = 4*q. Let w(p) = -p**2 - 4*p + 5. Calculate w(q).
0
Let j(p) be the third derivative of -p**6/120 + p**5/6 + p**4/24 - p**3/3 - p**2. Determine j(10).
8
Let z(m) = 5*m - 2. Suppose 5*d = -2*l + 24, 3*d = 7*d + l - 21. Let x(p) = -9*p + 4. Let g(j) = d*x(j) + 11*z(j). Let i = 2 - 6. Give g(i).
-2
Let n be 354/(-360) + 2/2. Let g(q) be the third derivative of 0*q**3 + n*q**5 + 0 - 2*q**2 + 0*q + 1/6*q**4. Calculate g(-5).
5
Let x(c) be the third derivative of c**6/120 + c**5/20 - c**4/24 - c**3/3 + 8*c**2. Let f(g) = -3*g**2 + 3*g - 2. Let d be f(1). Give x(d).
4
Let k(u) = -2*u**2 + u + 7. Let s(t) = -2*t**2 - 2*t**2 + 20 - t**2 + 2*t. Let x(d) = -11*k(d) + 4*s(d). Calculate x(2).
5
Let z be (-30)/8 + (-1)/4. Let m(t) = -t - 6. Give m(z).
-2
Let q(v) = -5*v + v**2 + 5 - 3 - 4 + 0. Let m(w) be the third derivative of w**4/12 - 2*w**3 + w**2. Let s be m(8). Determine q(s).
-6
Let d(j) = j**3 + 4*j**2 - 8*j - 5. Suppose 4*t = x + 16, 0*x - 12 = -4*t + 2*x. Suppose -2*k - t = -k. Determine d(k).
10
Let l(w) = w**3 - 3*w**2 - 4*w. Let y = -6 + 10. Determine l(y).
0
Let f(r) = -r**3 - 2*r**2 + 4*r. Let v(x) = 2*x**2 - 3*x. Let h(w) = -2*f(w) - 3*v(w). Let q be (3/15)/(1/20*4). What is h(q)?
1
Let x be -3 - ((-5 - -2) + 2). Let y(u) = -u**2 - 3*u - 3. Determine y(x).
-1
Suppose y - 4*c - 33 = -2*y, 0 = 4*y - 3*c - 37. Let n(i) = 2*i - i + i**3 + 2 - 4*i - 6*i**2 - 5*i. Calculate n(y).
-5
Let g(x) = 3*x - 14 + 2*x**2 + 13 - 2*x. What is g(-2)?
5
Let p = -4 + 2. Let a be p + 3*10/6. Let d(g) = -g**2 + 2*g - 2. What is d(a)?
-5
Let q be ((-30)/(-4))/5*8. Let y be (-2)/(q/5 - 2). Let o(x) = x**3 + 4*x**2 - 7*x - 2. Determine o(y).
8
Let b(o) = o - 3. Let i(k) = -k + 2. Let r(y) = -4*b(y) - 3*i(y). Suppose 3*h + 4*x = 20, 3*x - 20 = -2*h - x. Let g(c) = c. Let z be g(h). Determine r(z).
6
Let r = -6 - -8. Let p(h) = 4*h**2 + h**3 + 5*h**r + 3 - 2*h**2 + 4*h - 2*h**2. Calculate p(-3).
9
Let g = -11 - -2. Let f(n) = -3*n - 11. Let y be f(g). Suppose -4*p + y + 0 = 0. Let h(k) = -k**2 + 6*k - 2. Calculate h(p).
6
Let x be (9/(-6))/(2/(-4)). Let h = x - 1. Suppose n - 5 = h*n. Let z(t) = t**2 + 5*t + 3. Calculate z(n).
3
Let t(p) = 2*p**2 + 1. Let v = 5 - 6. Let s be t(v). Let c(i) = 6 - 1 - s - i. Determine c(-4).
6
Let i be -15*(6 + -4)/6 - 3. Let f(z) = z + 2. Determine f(i).
-6
Suppose -5*u + 0 = 30. Let x(f) = -f**3 - 6*f**2 + f + 8. What is x(u)?
2
Let l = -138 + 145. Let c(s) = s**3 - 6*s**2 - 6*s + 1. Calculate c(l).
8
Let k(n) = -n**3 + 4*n**2 - 3*n - 4. Let l(q) = q - 2. Let r(d) = -1. Let o(a) = -l(a) + 5*r(a). Let m be o(-6). What is k(m)?
-4
Let q(n) = 7*n**3 + n**2 - 2*n + 1. Let i be 2/9 - 43/(-9). Suppose -2*w + 4*d = 3 + 11, -i*d + 15 = -5*w. Determine q(w).
7
Let f(g) be the first derivative of g**4/4 - g**3 + g**2 - 3*g + 8. Give f(2).
-3
Let b(o) = o**2 - 2*o + 1. Let n(v) = -v**3 + 8*v**2 + 8*v + 13. Let c be n(9). Calculate b(c).
9
Let x(i) = -i**3 + 5*i**2 + i. Suppose -9*h = -8*h - 5. Calculate x(h).
5
Let z(w) = -4*w - 1 - 6*w**2 + 4*w. Suppose -4*c + 12 = -r, -5*r - 22 = -3*c + 2*c. Let j be 1*r/4 + 2. Give z(j).
-7
Let j = -3 + 5. Let k(f) = -4*f**2 + 2*f + 4. Let h(r) = r**2 - r - 1. Let w(o) = -2*h(o) - k(o). Give w(j).
6
Let h(g) = -3*g + 1. Let j be (1 - 2/4)*8/(-2). Calculate h(j).
7
Let q be (-2)/7 - (-144)/63. Let f(x) = -2 - 4*x**3 + 2*x**3 + 5*x**3 - 2*x**3. Give f(q).
6
Let v(r) = -r - 3. Let y(l) = 2*l + 6. Let x(j) = -11*v(j) - 6*y(j). What is x(-4)?
1
Let i(t) = -t - 16. Let j(d) = 5. Let u(c) = 2*i(c) + 7*j(c). Determine u(3).
-3
Let f(o) be the second derivative of 1/4*o**4 + 0 + o + o**2 - 1/2*o**3. Give f(2).
8
Let n(v) = -2*v - 5. Let t be (-2 - -1)*-1 - -7. Let p be ((-2)/(-1))/((-4)/t). What is n(p)?
3
Suppose 2*p = 2 - 0. Let t(c) = c + 1 - 5 - 1 + p. Let y = 7 - 4. Determine t(y).
-1
Let q(w) be the second derivative of w**3/3 + 9*w**2/2 + 8*w. Give q(-6).
-3
Let l(j) = -2 - 2*j**2 - 2*j**2 - j**3 - 3 + 5*j. Let d be (-22)/3 - (-3)/9. Let x = -12 - d. Give l(x).
-5
Let o(b) = -b**2 - b + 6. Let j be o(0). Suppose -m + 13 = 4*n - 2*m, n - j = 3*m. Let w(p) = 3*p - 4. Determine w(n).
5
Let u(a) = a**2 + a. Let p(m) = 3*m**3 + 2*m**2 + 6*m - 1. Let r(j) = p(j) - 4*u(j). Determine r(1).
2
Let v(i) be the third derivative of i**5/120 + 7*i**4/24 - i**3/3 + 4*i**2. Let w(r) be the first derivative of v(r). What is w(-4)?
3
Let m(p) = -5*p - 1. Let y(v) = v. Let j(z) = m(z) + 3*y(z). Suppose 4*l - 8 = 2*l. Suppose 4*b + 2*c = 22, b - 2*c = -b - l. Calculate j(b).
-7
Let p(i) = 13*i. Suppose -j + 4*j + 18 = 0. Let z be 4/j - 2/6. Calculate p(z).
-13
Let k(r) = r**3 - 4*r**2 + 2*r - 3. Let j be k(3). Let q(x) = x + 7. Determine q(j).
1
Let h(w) = 5*w**3 + 2*w**2 - w. Let s be 47/7 + 8/28. Suppose 5*f + 8 = s*f. Let o(n) = -n**2 + 3*n + 5. Let k be o(f). Calculate h(k).
6
Let c(f) = -7 - 1 + f + 18. Calculate c(-9).
1
Let h(k) be the third derivative of k**6/120 - k**5/30 - 5*k**4/24 + k**3/6 - 59*k**2. Determine h(4).
13
Let c be 21/18 - (-2)/(-6). Let j(b) be the second derivative of -1/12*b**4 - b - c*b**3 + 0 + 1/2*b**2. Calculate j(-4).
5
Let d(v) = -v**3 + 3*v**2 + 6*v - 5. Let s be d(4). Suppose -s*l + 16 - 4 = 0. Let i(m) = -m + 3 + 0*m + 0*m. Determine i(l).
-1
Let q(b) be the third derivative of b**4/12 + b**3/6 - 2*b**2. Suppose 0*j = 4*j - 4. Determine q(j).
3
Let q(c) be the third derivative of 0*c - 1/12*c**4 + 3*c**2 + 1/2*c**3 + 1/60*c**5 + 0. Determine q(2).
3
Suppose 6*c - 36 = 4*c. Let j(y) = -c + 18 + 9*y. Give j(-1).
-9
Let c(m) = m - 4. Suppose 38 = 4*n + 10. Give c(n).
3
Let a(r) = 9*r - 9. Let m(q) = -3*q + 3. Suppose 24 = -3*k - 0*k. Let t(w) = k*m(w) - 3*a(w). Give t(4).
-9
Let i(k) = 4*k**2 - 5*k + 5. Let z(c) = c - 6 + 2*c**2 + 2 - 3*c**2 + 3. Let t(u) = -i(u) - 2*z(u). Calculate t(2).
-5
Let k(q) be the first derivative of -2*q**2 - 9. What is k(-1)?
4
Let z be (-94)/(-4) - (-2)/4. Suppose -